{"id":28,"date":"2023-10-24T20:22:12","date_gmt":"2023-10-24T18:22:12","guid":{"rendered":"https:\/\/razmena.co.rs\/mojavinarija\/?page_id=28"},"modified":"2025-11-23T19:29:05","modified_gmt":"2025-11-23T18:29:05","slug":"kontakt","status":"publish","type":"page","link":"https:\/\/razmena.co.rs\/hanan\/kontakt\/","title":{"rendered":"KONTAKT"},"content":{"rendered":"\t\t<div data-elementor-type=\"wp-page\" data-elementor-id=\"28\" class=\"elementor elementor-28\">\n\t\t\t\t<div class=\"elementor-element elementor-element-37b5611 e-flex e-con-boxed e-con e-parent\" data-id=\"37b5611\" data-element_type=\"container\">\n\t\t\t\t\t<div class=\"e-con-inner\">\n\t\t<div class=\"elementor-element elementor-element-fb00c68 e-con-full e-flex e-con e-child\" data-id=\"fb00c68\" data-element_type=\"container\">\n\t\t\t\t<div class=\"elementor-element elementor-element-5ff6d36 elementor-widget elementor-widget-heading\" data-id=\"5ff6d36\" data-element_type=\"widget\" data-widget_type=\"heading.default\">\n\t\t\t\t<div class=\"elementor-widget-container\">\n\t\t\t<h2 class=\"elementor-heading-title elementor-size-default\">Kovano gvo\u017e\u0111e Hanan<\/h2>\t\t<\/div>\n\t\t\t\t<\/div>\n\t\t\t\t<div class=\"elementor-element elementor-element-2c708b7 elementor-widget elementor-widget-text-editor\" data-id=\"2c708b7\" data-element_type=\"widget\" data-widget_type=\"text-editor.default\">\n\t\t\t\t<div class=\"elementor-widget-container\">\n\t\t\t\t\t\t\t<p>Ako imate bilo kakvih pitanja, sugestija ili podnesaka, ne ustru\u010davajte se da kontaktirate.<\/p><p><strong>Maloprodaja kovanog gvoz\u0111a<br \/>HANAN BEOGRAD<\/strong><br \/><strong>Adresa:<\/strong> Despota Stefana 115<br \/>11000 Beograd<br \/><strong>Telefon:<\/strong> 011\/ 2761-437<br \/><strong>Telefon:<\/strong> 063\/ 440-007<br \/><strong>Telefon:<\/strong> 063\/ 287-715<br \/><strong>Email:<\/strong> ivancetkovic@hanan.rs<br \/><strong>Radno vreme:<\/strong> Radnim danima od 9 do 17 sati<br \/>Subotom: Radnim danima od 9 do 15 sati<\/p>\t\t\t\t\t\t<\/div>\n\t\t\t\t<\/div>\n\t\t\t\t<\/div>\n\t\t<div class=\"elementor-element elementor-element-47feef1 e-con-full e-flex e-con e-child\" data-id=\"47feef1\" data-element_type=\"container\">\n\t\t\t\t<div class=\"elementor-element elementor-element-73d834b elementor-widget elementor-widget-image\" data-id=\"73d834b\" data-element_type=\"widget\" data-widget_type=\"image.default\">\n\t\t\t\t<div class=\"elementor-widget-container\">\n\t\t\t\t\t\t\t\t\t\t\t\t\t<img fetchpriority=\"high\" decoding=\"async\" width=\"640\" height=\"640\" src=\"https:\/\/razmena.co.rs\/hanan\/wp-content\/uploads\/2025\/11\/kovano-gvozdje-hanan.jpg\" class=\"attachment-large size-large wp-image-1798\" alt=\"\" srcset=\"https:\/\/razmena.co.rs\/hanan\/wp-content\/uploads\/2025\/11\/kovano-gvozdje-hanan.jpg 1000w, https:\/\/razmena.co.rs\/hanan\/wp-content\/uploads\/2025\/11\/kovano-gvozdje-hanan-300x300.jpg 300w, https:\/\/razmena.co.rs\/hanan\/wp-content\/uploads\/2025\/11\/kovano-gvozdje-hanan-150x150.jpg 150w, https:\/\/razmena.co.rs\/hanan\/wp-content\/uploads\/2025\/11\/kovano-gvozdje-hanan-768x768.jpg 768w, https:\/\/razmena.co.rs\/hanan\/wp-content\/uploads\/2025\/11\/kovano-gvozdje-hanan-500x500.jpg 500w, https:\/\/razmena.co.rs\/hanan\/wp-content\/uploads\/2025\/11\/kovano-gvozdje-hanan-499x499.jpg 499w, https:\/\/razmena.co.rs\/hanan\/wp-content\/uploads\/2025\/11\/kovano-gvozdje-hanan-100x100.jpg 100w, https:\/\/razmena.co.rs\/hanan\/wp-content\/uploads\/2025\/11\/kovano-gvozdje-hanan-600x600.jpg 600w, https:\/\/razmena.co.rs\/hanan\/wp-content\/uploads\/2025\/11\/kovano-gvozdje-hanan-96x96.jpg 96w\" sizes=\"(max-width: 640px) 100vw, 640px\" \/>\t\t\t\t\t\t\t\t\t\t\t\t\t<\/div>\n\t\t\t\t<\/div>\n\t\t\t\t<\/div>\n\t\t\t\t\t<\/div>\n\t\t\t\t<\/div>\n\t\t<div class=\"elementor-element elementor-element-0b98f0e e-flex e-con-boxed e-con e-parent\" data-id=\"0b98f0e\" data-element_type=\"container\">\n\t\t\t\t\t<div class=\"e-con-inner\">\n\t\t\t\t<div class=\"elementor-element elementor-element-0fd719b elementor-widget elementor-widget-text-editor\" data-id=\"0fd719b\" data-element_type=\"widget\" data-widget_type=\"text-editor.default\">\n\t\t\t\t<div class=\"elementor-widget-container\">\n\t\t\t\t\t\t\t<iframe src=\"https:\/\/www.google.com\/maps\/embed?pb=!1m18!1m12!1m3!1d2830.1291853224693!2d20.484842376239037!3d44.818932771070806!2m3!1f0!2f0!3f0!3m2!1i1024!2i768!4f13.1!3m3!1m2!1s0x475a7a954b414cef%3A0x22e2fbcb99128099!2sBulevar%20despota%20Stefana%20115%2C%20Beograd%2011060!5e0!3m2!1sen!2srs!4v1763922512390!5m2!1sen!2srs\" width=\"100%\" height=\"400\" style=\"border:0;\" allowfullscreen=\"\" loading=\"lazy\" referrerpolicy=\"no-referrer-when-downgrade\"><\/iframe>\t\t\t\t\t\t<\/div>\n\t\t\t\t<\/div>\n\t\t\t\t\t<\/div>\n\t\t\t\t<\/div>\n\t\t\t\t<\/div>\n\t\t","protected":false},"excerpt":{"rendered":"<p>Kovano gvo\u017e\u0111e Hanan Ako imate bilo kakvih pitanja, sugestija ili podnesaka, ne ustru\u010davajte se da kontaktirate. Maloprodaja kovanog gvoz\u0111aHANAN BEOGRADAdresa: Despota Stefana 11511000 BeogradTelefon: 011\/ 2761-437Telefon: 063\/ 440-007Telefon: 063\/ 287-715Email: ivancetkovic@hanan.rsRadno vreme: Radnim danima od 9 do 17 satiSubotom: Radnim danima od 9 do 15 sati<\/p>\n","protected":false},"author":1,"featured_media":0,"parent":0,"menu_order":0,"comment_status":"closed","ping_status":"closed","template":"","meta":{"footnotes":""},"class_list":["post-28","page","type-page","status-publish","hentry","post-no-thumbnail"],"yoast_head":"<!-- This site is optimized with the Yoast SEO plugin v26.4 - https:\/\/yoast.com\/wordpress\/plugins\/seo\/ -->\n<title>KONTAKT - Kovano gvo\u017e\u0111e \u2013 HANAN<\/title>\n<meta name=\"robots\" content=\"noindex, follow, max-snippet:-1, max-image-preview:large, max-video-preview:-1\" \/>\n<meta property=\"og:locale\" content=\"sr_RS\" \/>\n<meta property=\"og:type\" content=\"article\" \/>\n<meta property=\"og:title\" content=\"KONTAKT - Kovano gvo\u017e\u0111e \u2013 HANAN\" \/>\n<meta property=\"og:description\" content=\"Kovano gvo\u017e\u0111e Hanan Ako imate bilo kakvih pitanja, sugestija ili podnesaka, ne ustru\u010davajte se da kontaktirate. Maloprodaja kovanog gvoz\u0111aHANAN BEOGRADAdresa: Despota Stefana 11511000 BeogradTelefon: 011\/ 2761-437Telefon: 063\/ 440-007Telefon: 063\/ 287-715Email: ivancetkovic@hanan.rsRadno vreme: Radnim danima od 9 do 17 satiSubotom: Radnim danima od 9 do 15 sati\" \/>\n<meta property=\"og:url\" content=\"https:\/\/razmena.co.rs\/hanan\/kontakt\/\" \/>\n<meta property=\"og:site_name\" content=\"Kovano gvo\u017e\u0111e \u2013 HANAN\" \/>\n<meta property=\"article:modified_time\" content=\"2025-11-23T18:29:05+00:00\" \/>\n<meta property=\"og:image\" content=\"https:\/\/razmena.co.rs\/hanan\/wp-content\/uploads\/2025\/11\/kovano-gvozdje-hanan.jpg\" \/>\n<meta name=\"twitter:card\" content=\"summary_large_image\" \/>\n<meta name=\"twitter:label1\" content=\"Procenjeno vreme \u010ditanja\" \/>\n\t<meta name=\"twitter:data1\" content=\"1 minut\" \/>\n<script type=\"application\/ld+json\" class=\"yoast-schema-graph\">{\"@context\":\"https:\/\/schema.org\",\"@graph\":[{\"@type\":\"WebPage\",\"@id\":\"https:\/\/razmena.co.rs\/hanan\/kontakt\/\",\"url\":\"https:\/\/razmena.co.rs\/hanan\/kontakt\/\",\"name\":\"KONTAKT - Kovano gvo\u017e\u0111e \u2013 HANAN\",\"isPartOf\":{\"@id\":\"https:\/\/razmena.co.rs\/hanan\/#website\"},\"primaryImageOfPage\":{\"@id\":\"https:\/\/razmena.co.rs\/hanan\/kontakt\/#primaryimage\"},\"image\":{\"@id\":\"https:\/\/razmena.co.rs\/hanan\/kontakt\/#primaryimage\"},\"thumbnailUrl\":\"https:\/\/razmena.co.rs\/hanan\/wp-content\/uploads\/2025\/11\/kovano-gvozdje-hanan.jpg\",\"datePublished\":\"2023-10-24T18:22:12+00:00\",\"dateModified\":\"2025-11-23T18:29:05+00:00\",\"breadcrumb\":{\"@id\":\"https:\/\/razmena.co.rs\/hanan\/kontakt\/#breadcrumb\"},\"inLanguage\":\"sr-RS\",\"potentialAction\":[{\"@type\":\"ReadAction\",\"target\":[\"https:\/\/razmena.co.rs\/hanan\/kontakt\/\"]}]},{\"@type\":\"ImageObject\",\"inLanguage\":\"sr-RS\",\"@id\":\"https:\/\/razmena.co.rs\/hanan\/kontakt\/#primaryimage\",\"url\":\"https:\/\/razmena.co.rs\/hanan\/wp-content\/uploads\/2025\/11\/kovano-gvozdje-hanan.jpg\",\"contentUrl\":\"https:\/\/razmena.co.rs\/hanan\/wp-content\/uploads\/2025\/11\/kovano-gvozdje-hanan.jpg\",\"width\":1000,\"height\":1000},{\"@type\":\"BreadcrumbList\",\"@id\":\"https:\/\/razmena.co.rs\/hanan\/kontakt\/#breadcrumb\",\"itemListElement\":[{\"@type\":\"ListItem\",\"position\":1,\"name\":\"Po\u010detna\",\"item\":\"https:\/\/razmena.co.rs\/hanan\/\"},{\"@type\":\"ListItem\",\"position\":2,\"name\":\"KONTAKT\"}]},{\"@type\":\"WebSite\",\"@id\":\"https:\/\/razmena.co.rs\/hanan\/#website\",\"url\":\"https:\/\/razmena.co.rs\/hanan\/\",\"name\":\"Kovano gvo\u017e\u0111e Hanan, Name\u0161taj od kovanog gvo\u017e\u0111a, Gelenderi kovano gvo\u017e\u0111e\",\"description\":\"Kovano gvo\u017e\u0111e Hanan, Name\u0161taj od kovanog gvo\u017e\u0111a, Gelenderi kovano gvo\u017e\u0111e\",\"publisher\":{\"@id\":\"https:\/\/razmena.co.rs\/hanan\/#organization\"},\"potentialAction\":[{\"@type\":\"SearchAction\",\"target\":{\"@type\":\"EntryPoint\",\"urlTemplate\":\"https:\/\/razmena.co.rs\/hanan\/?s={search_term_string}\"},\"query-input\":{\"@type\":\"PropertyValueSpecification\",\"valueRequired\":true,\"valueName\":\"search_term_string\"}}],\"inLanguage\":\"sr-RS\"},{\"@type\":\"Organization\",\"@id\":\"https:\/\/razmena.co.rs\/hanan\/#organization\",\"name\":\"Kovano gvo\u017e\u0111e Hanan, Name\u0161taj od kovanog gvo\u017e\u0111a, Gelenderi kovano gvo\u017e\u0111e\",\"url\":\"https:\/\/razmena.co.rs\/hanan\/\",\"logo\":{\"@type\":\"ImageObject\",\"inLanguage\":\"sr-RS\",\"@id\":\"https:\/\/razmena.co.rs\/hanan\/#\/schema\/logo\/image\/\",\"url\":\"https:\/\/razmena.co.rs\/hanan\/wp-content\/uploads\/2025\/11\/Gemini_Generated_Image_skf42kskf42kskf4.png\",\"contentUrl\":\"https:\/\/razmena.co.rs\/hanan\/wp-content\/uploads\/2025\/11\/Gemini_Generated_Image_skf42kskf42kskf4.png\",\"width\":1024,\"height\":1024,\"caption\":\"Kovano gvo\u017e\u0111e Hanan, Name\u0161taj od kovanog gvo\u017e\u0111a, Gelenderi kovano gvo\u017e\u0111e\"},\"image\":{\"@id\":\"https:\/\/razmena.co.rs\/hanan\/#\/schema\/logo\/image\/\"}}]}<\/script>\n<!-- \/ Yoast SEO plugin. -->","yoast_head_json":{"title":"KONTAKT - Kovano gvo\u017e\u0111e \u2013 HANAN","robots":{"index":"noindex","follow":"follow","max-snippet":"max-snippet:-1","max-image-preview":"max-image-preview:large","max-video-preview":"max-video-preview:-1"},"og_locale":"sr_RS","og_type":"article","og_title":"KONTAKT - Kovano gvo\u017e\u0111e \u2013 HANAN","og_description":"Kovano gvo\u017e\u0111e Hanan Ako imate bilo kakvih pitanja, sugestija ili podnesaka, ne ustru\u010davajte se da kontaktirate. Maloprodaja kovanog gvoz\u0111aHANAN BEOGRADAdresa: Despota Stefana 11511000 BeogradTelefon: 011\/ 2761-437Telefon: 063\/ 440-007Telefon: 063\/ 287-715Email: ivancetkovic@hanan.rsRadno vreme: Radnim danima od 9 do 17 satiSubotom: Radnim danima od 9 do 15 sati","og_url":"https:\/\/razmena.co.rs\/hanan\/kontakt\/","og_site_name":"Kovano gvo\u017e\u0111e \u2013 HANAN","article_modified_time":"2025-11-23T18:29:05+00:00","og_image":[{"url":"https:\/\/razmena.co.rs\/hanan\/wp-content\/uploads\/2025\/11\/kovano-gvozdje-hanan.jpg","type":"","width":"","height":""}],"twitter_card":"summary_large_image","twitter_misc":{"Procenjeno vreme \u010ditanja":"1 minut"},"schema":{"@context":"https:\/\/schema.org","@graph":[{"@type":"WebPage","@id":"https:\/\/razmena.co.rs\/hanan\/kontakt\/","url":"https:\/\/razmena.co.rs\/hanan\/kontakt\/","name":"KONTAKT - Kovano gvo\u017e\u0111e \u2013 HANAN","isPartOf":{"@id":"https:\/\/razmena.co.rs\/hanan\/#website"},"primaryImageOfPage":{"@id":"https:\/\/razmena.co.rs\/hanan\/kontakt\/#primaryimage"},"image":{"@id":"https:\/\/razmena.co.rs\/hanan\/kontakt\/#primaryimage"},"thumbnailUrl":"https:\/\/razmena.co.rs\/hanan\/wp-content\/uploads\/2025\/11\/kovano-gvozdje-hanan.jpg","datePublished":"2023-10-24T18:22:12+00:00","dateModified":"2025-11-23T18:29:05+00:00","breadcrumb":{"@id":"https:\/\/razmena.co.rs\/hanan\/kontakt\/#breadcrumb"},"inLanguage":"sr-RS","potentialAction":[{"@type":"ReadAction","target":["https:\/\/razmena.co.rs\/hanan\/kontakt\/"]}]},{"@type":"ImageObject","inLanguage":"sr-RS","@id":"https:\/\/razmena.co.rs\/hanan\/kontakt\/#primaryimage","url":"https:\/\/razmena.co.rs\/hanan\/wp-content\/uploads\/2025\/11\/kovano-gvozdje-hanan.jpg","contentUrl":"https:\/\/razmena.co.rs\/hanan\/wp-content\/uploads\/2025\/11\/kovano-gvozdje-hanan.jpg","width":1000,"height":1000},{"@type":"BreadcrumbList","@id":"https:\/\/razmena.co.rs\/hanan\/kontakt\/#breadcrumb","itemListElement":[{"@type":"ListItem","position":1,"name":"Po\u010detna","item":"https:\/\/razmena.co.rs\/hanan\/"},{"@type":"ListItem","position":2,"name":"KONTAKT"}]},{"@type":"WebSite","@id":"https:\/\/razmena.co.rs\/hanan\/#website","url":"https:\/\/razmena.co.rs\/hanan\/","name":"Kovano gvo\u017e\u0111e Hanan, Name\u0161taj od kovanog gvo\u017e\u0111a, Gelenderi kovano gvo\u017e\u0111e","description":"Kovano gvo\u017e\u0111e Hanan, Name\u0161taj od kovanog gvo\u017e\u0111a, Gelenderi kovano gvo\u017e\u0111e","publisher":{"@id":"https:\/\/razmena.co.rs\/hanan\/#organization"},"potentialAction":[{"@type":"SearchAction","target":{"@type":"EntryPoint","urlTemplate":"https:\/\/razmena.co.rs\/hanan\/?s={search_term_string}"},"query-input":{"@type":"PropertyValueSpecification","valueRequired":true,"valueName":"search_term_string"}}],"inLanguage":"sr-RS"},{"@type":"Organization","@id":"https:\/\/razmena.co.rs\/hanan\/#organization","name":"Kovano gvo\u017e\u0111e Hanan, Name\u0161taj od kovanog gvo\u017e\u0111a, Gelenderi kovano gvo\u017e\u0111e","url":"https:\/\/razmena.co.rs\/hanan\/","logo":{"@type":"ImageObject","inLanguage":"sr-RS","@id":"https:\/\/razmena.co.rs\/hanan\/#\/schema\/logo\/image\/","url":"https:\/\/razmena.co.rs\/hanan\/wp-content\/uploads\/2025\/11\/Gemini_Generated_Image_skf42kskf42kskf4.png","contentUrl":"https:\/\/razmena.co.rs\/hanan\/wp-content\/uploads\/2025\/11\/Gemini_Generated_Image_skf42kskf42kskf4.png","width":1024,"height":1024,"caption":"Kovano gvo\u017e\u0111e Hanan, Name\u0161taj od kovanog gvo\u017e\u0111a, Gelenderi kovano gvo\u017e\u0111e"},"image":{"@id":"https:\/\/razmena.co.rs\/hanan\/#\/schema\/logo\/image\/"}}]}},"_links":{"self":[{"href":"https:\/\/razmena.co.rs\/hanan\/wp-json\/wp\/v2\/pages\/28","targetHints":{"allow":["GET"]}}],"collection":[{"href":"https:\/\/razmena.co.rs\/hanan\/wp-json\/wp\/v2\/pages"}],"about":[{"href":"https:\/\/razmena.co.rs\/hanan\/wp-json\/wp\/v2\/types\/page"}],"author":[{"embeddable":true,"href":"https:\/\/razmena.co.rs\/hanan\/wp-json\/wp\/v2\/users\/1"}],"replies":[{"embeddable":true,"href":"https:\/\/razmena.co.rs\/hanan\/wp-json\/wp\/v2\/comments?post=28"}],"version-history":[{"count":142,"href":"https:\/\/razmena.co.rs\/hanan\/wp-json\/wp\/v2\/pages\/28\/revisions"}],"predecessor-version":[{"id":1802,"href":"https:\/\/razmena.co.rs\/hanan\/wp-json\/wp\/v2\/pages\/28\/revisions\/1802"}],"wp:attachment":[{"href":"https:\/\/razmena.co.rs\/hanan\/wp-json\/wp\/v2\/media?parent=28"}],"curies":[{"name":"wp","href":"https:\/\/api.w.org\/{rel}","templated":true}]}}